ite number?
True
Is 12173569699 composite?
False
Is 298898927 prime?
True
Is 2961640018 a prime number?
False
Is 4189861717 a prime number?
True
Is 41859471809 a composite number?
False
Is 2656793837 a prime number?
False
Is 5196677813 composite?
False
Is 37601530577 prime?
False
Is 1276568383 a composite number?
False
Is 19752793033 composite?
True
Is 34093661801 a prime number?
True
Is 4516561783 a composite number?
True
Is 1670833733 a composite number?
False
Is 55937365727 composite?
True
Is 35255726041 a prime number?
True
Is 646308755 a prime number?
False
Is 191402909 prime?
False
Is 3073659053 a prime number?
True
Is 18778781767 a composite number?
True
Is 62057892487 prime?
True
Is 157913453 a composite number?
True
Is 2956420223 a composite number?
True
Is 15157898881 a composite number?
False
Is 289595002 composite?
True
Is 469659121 prime?
True
Is 468660853 composite?
False
Is 411970969 prime?
False
Is 2535230183 a prime number?
True
Is 773559049 composite?
True
Is 51669891311 a prime number?
True
Is 8581899383 a composite number?
False
Is 7122443489 a prime number?
False
Is 222964321 composite?
False
Is 8713024367 composite?
False
Is 65253583 a composite number?
True
Is 19145322461 prime?
True
Is 93885246023 prime?
True
Is 5614894057 a composite number?
True
Is 148977142991 composite?
False
Is 5462084333 composite?
False
Is 11399964182 a composite number?
True
Is 3977318573 prime?
True
Is 1283179201 prime?
True
Is 36436015039 prime?
False
Is 43535136089 composite?
True
Is 89606841589 composite?
False
Is 2983032055 prime?
False
Is 46127386157 a composite number?
True
Is 150579203 prime?
True
Is 1531059367 a prime number?
False
Is 12898223411 a composite number?
False
Is 156182029 a prime number?
False
Is 60674267287 composite?
False
Is 51544841 a prime number?
True
Is 1501081061 composite?
False
Is 348950937 a prime number?
False
Is 121863059 a prime number?
False
Is 183005329 composite?
True
Is 14867931503 a prime number?
False
Is 6404178453 a prime number?
False
Is 190965991 a prime number?
False
Is 24246176843 a composite number?
True
Is 769614529 prime?
True
Is 1777044773 composite?
True
Is 697533901 a composite number?
True
Is 10813458043 a composite number?
True
Is 32278769597 a composite number?
True
Is 3522535889 a composite number?
True
Is 103356767 a prime number?
True
Is 669948577 a composite number?
True
Is 22448416843 a prime number?
True
Is 524045279 composite?
False
Is 21526194106 a composite number?
True
Is 2391973891 prime?
False
Is 1651152851 a prime number?
False
Is 71466388079 a prime number?
False
Is 408401473 prime?
False
Is 165485317117 prime?
False
Is 20064710447 prime?
False
Is 13339836449 composite?
False
Is 580622177 composite?
True
Is 39664202671 prime?
True
Is 483175481 a composite number?
False
Is 677631247 prime?
True
Is 246704982571 prime?
False
Is 797106529 composite?
True
Is 265615397 a prime number?
True
Is 3588955553 a composite number?
False
Is 14195056927 a prime number?
False
Is 107794598894 a composite number?
True
Is 1208974919 a composite number?
False
Is 313756871 composite?
False
Is 15740728931 a prime number?
True
Is 907426631 a prime number?
True
Is 4580707939 a composite number?
False
Is 37415923 a composite number?
False
Is 221086049 a prime number?
False
Is 29584118947 prime?
False
Is 87637639 composite?
False
Is 3558539641 a composite number?
True
Is 224188141 a prime number?
False
Is 4633714051 a composite number?
True
Is 810604787 composite?
False
Is 473675749 prime?
True
Is 16538086687 composite?
False
Is 4799300717 a prime number?
False
Is 1336354367 prime?
False
Is 20395657229 composite?
True
Is 1249413509 a composite number?
False
Is 109288148201 a prime number?
True
Is 3440137091 composite?
True
Is 82501313 composite?
True
Is 6293209919 a prime number?
True
Is 2740004363 prime?
True
Is 28753908427 a prime number?
True
Is 15366852658 composite?
True
Is 13048952691 composite?
True
Is 22006973797 composite?
False
Is 6256907 composite?
False
Is 484743109 prime?
False
Is 10467755153 composite?
False
Is 20201439887 prime?
True
Is 1210434787 composite?
True
Is 187822319 prime?
False
Is 43546756397 a composite number?
False
Is 318435241 a prime number?
True
Is 98560993387 a composite number?
False
Is 322652939 a prime number?
False
Is 417557711 a prime number?
False
Is 7915157713 prime?
False
Is 1575785881 a prime number?
False
Is 4061809481 composite?
False
Is 13792892086 prime?
False
Is 41068001599 prime?
True
Is 733349189 a prime number?
False
Is 2225967997 a prime number?
False
Is 9604832053 a prime number?
False
Is 536391949 composite?
False
Is 16489999 a composite number?
False
Is 8575737449 composite?
False
Is 4784389279 a composite number?
False
Is 107310947 a prime number?
True
Is 153603799499 a prime number?
True
Is 35327899331 a composite number?
True
Is 130637717041 a composite number?
True
Is 4080905729 composite?
False
Is 15398135031 composite?
True
Is 85194392891 prime?
False
Is 2868280607 a composite number?
False
Is 72538724933 a prime number?
False
Is 42955005017 a composite number?
True
Is 669100343 composite?
False
Is 2676707563 prime?
False
Is 3150684197 composite?
False
Is 24302072921 composite?
True
Is 155425703 a composite number?
True
Is 783293317 a prime number?
False
Is 2420147921 composite?
False
Is 373742927 a composite number?
False
Is 703165873 a composite number?
False
Is 210820641 a prime number?
False
Is 25788612013 a prime number?
True
Is 88168837 composite?
False
Is 277496059 a prime number?
True
Is 14235510911 a composite number?
True
Is 276794022187 composite?
False
Is 19273094251 composite?
False
Is 2793681221 composite?
False
Is 4136665723 a prime number?
True
Is 50015519 a prime number?
False
Is 6524828977 a prime number?
False
Is 15235551883 prime?
True
Is 38619904153 a composite number?
True
Is 3307418897 a composite number?
False
Is 877932281 a prime number?
True
Is 16849978339 a composite number?
False
Is 75567448739 prime?
True
Is 15151214959 a prime number?
False
Is 2512957751 a prime number?
True
Is 3321862123 a prime number?
True
Is 208015931 a prime number?
True
Is 289609241 a prime number?
True
Is 9598562741 a prime number?
False
Is 1394385919 composite?
False
Is 3132606943 a prime number?
True
Is 459337133 prime?
True
Is 31062313943 prime?
True
Is 9900711287 composite?
False
Is 4086046099 a prime number?
True
Is 11759848699 prime?
True
Is 3638904967 a composite number?
False
Is 29758217 prime?
True
Is 260586198667 a composite number?
False
Is 285904967 a prime number?
True
Is 11393611267 composite?
True
Is 82906132343 a prime number?
True
Is 4099874203 a prime number?
True
Is 458829377 prime?
False
Is 23409601027 prime?
True
Is 116388989599 a composite number?
True
Is 9412473695 composite?
True
Is 64974808607 a composite number?
False
Is 19651654591 composite?
False
Is 33602610169 composite?
False
Is 8889798121 a composite number?
True
Is 8149764227 prime?
False
Is 104720257 prime?
True
Is 4672139411 a composite number?
True
Is 656488873 a composite number?
False
Is 20201261371 a prime number?
True
Is 16848031561 a prime number?
False
Is 125458363505 a prime number?
False
Is 19018383151 a composite number?
False
Is 25594582967 composite?
True
Is 158187697 a prime number?
False
Is 2939999 a composite number?
False
Is 362238307 composite?
True
Is 2252153437 a prime number?
True
Is 90611715449 composite?
True
Is 24944489 a composite number?
True
Is 148557718171 composite?
False
Is 1190926427 composite?
True
Is 6008413559 a prime number?
False
Is 1027828073 a composite number?
False
Is 14038504819 a prime number?
True
Is 7578329 a composite number?
True
Is 404944493 prime?
True
Is 92905154497 a prime number?
True
Is 721630831 a prime number?
True
Is 15615673577 a composite number?
True
Is 1290605737 a prime number?
False
Is 639083617 composite?
False
Is 81344710639 prime?
False
Is 4022460817 composite?
False
Is 109978804721 composite?
False
Is 440105257 prime?
True
Is 505399067 a composite number?
False
Is 1348741247 composite?
True
Is 519867713 prime?
True
Is 597324433 a composite number?
True
Is 18314731901 a composite number?
False
Is 1923214807 composite?
False
Is 434756311 composite?
True
Is 7523830751 prime?
False
Is 28613119